{"id":31,"date":"2025-02-07T11:46:48","date_gmt":"2025-02-07T10:46:48","guid":{"rendered":"https:\/\/tz-hall.de\/index.php\/veranstaltungen\/"},"modified":"2025-04-07T17:16:00","modified_gmt":"2025-04-07T15:16:00","slug":"veranstaltungen","status":"publish","type":"page","link":"https:\/\/tz-hall.de\/index.php\/veranstaltungen\/","title":{"rendered":"Veranstaltungen"},"content":{"rendered":"\t\t<div data-elementor-type=\"wp-page\" data-elementor-id=\"31\" class=\"elementor elementor-31\" data-elementor-post-type=\"page\">\n\t\t\t\t<div class=\"elementor-element elementor-element-512af5c e-flex e-con-boxed e-con e-parent\" data-id=\"512af5c\" data-element_type=\"container\" data-e-type=\"container\">\n\t\t\t\t\t<div class=\"e-con-inner\">\n\t\t<div class=\"elementor-element elementor-element-725a522 e-con-full e-flex e-con e-child\" data-id=\"725a522\" data-element_type=\"container\" data-e-type=\"container\" data-settings=\"{&quot;background_background&quot;:&quot;classic&quot;}\">\n\t\t\t\t<div class=\"elementor-element elementor-element-661b38d elementor-widget elementor-widget-text-editor\" data-id=\"661b38d\" data-element_type=\"widget\" data-e-type=\"widget\" data-widget_type=\"text-editor.default\">\n\t\t\t\t<div class=\"elementor-widget-container\">\n\t\t\t\t\t\t\t\t\t<h3 style=\"font-weight: 400;\"><strong>Veranstaltungen im teZET \u2013 Wissen teilen, Netzwerke st\u00e4rken<\/strong><\/h3><p style=\"font-weight: 400;\">Das Technologiezentrum Schw\u00e4bisch Hall (teZET) bietet ein <strong>vielseitiges Programm <\/strong>aus <strong>Workshops, Vortr\u00e4gen und Seminaren<\/strong>, das sich an <strong>Einzelunternehmer, Gr\u00fcnder<\/strong>, <strong>KMU und gro\u00dfe Unternehmen<\/strong> richtet.<\/p><p style=\"font-weight: 400;\">Die Themen reichen von <strong>Wirtschaft und Innovation <\/strong><strong>\u00fcber interkulturelle und soziale Aspekte<\/strong> bis hin zu <strong>unternehmerischer und pers\u00f6nlicher Weiterentwicklung<\/strong>.<\/p><p style=\"font-weight: 400;\">Unsere Veranstaltungen sind <strong>praxisnah<\/strong> und <strong>inspirierend<\/strong>.<\/p><p style=\"font-weight: 400;\">Ob Sie Fachwissen in Workshops vertiefen, aktuelle Trends in Vortr\u00e4gen entdecken oder gezielte Seminare f\u00fcr Ihre beruflichen Herausforderungen nutzen m\u00f6chten \u2013 bei uns finden Sie das passende Angebot.<\/p><p style=\"font-weight: 400;\">Mit flexiblen Formaten und Inhalten sprechen wir die unterschiedlichen Bed\u00fcrfnisse unserer Zielgruppen an.<br \/>Nutzen Sie die Gelegenheit, Ihre Kompetenzen zu erweitern, neue Perspektiven zu gewinnen und wertvolle Kontakte zu kn\u00fcpfen. <br \/>Alle Veranstaltungen sind im Veranstaltungskalender einsehbar und k\u00f6nnen bequem online gebucht werden.<\/p><p style=\"font-weight: 400;\">Wir freuen uns darauf, Sie bei unseren Events willkommen zu hei\u00dfen!<\/p>\t\t\t\t\t\t\t\t<\/div>\n\t\t\t\t<\/div>\n\t\t<div class=\"elementor-element elementor-element-8746fad e-con-full e-flex e-con e-child\" data-id=\"8746fad\" data-element_type=\"container\" data-e-type=\"container\">\n\t\t<div class=\"elementor-element elementor-element-d03ce30 e-con-full e-flex e-con e-child\" data-id=\"d03ce30\" data-element_type=\"container\" data-e-type=\"container\" data-settings=\"{&quot;background_background&quot;:&quot;classic&quot;}\">\n\t\t\t\t<div class=\"elementor-element elementor-element-8bc02ac elementor-widget elementor-widget-heading\" data-id=\"8bc02ac\" data-element_type=\"widget\" data-e-type=\"widget\" data-widget_type=\"heading.default\">\n\t\t\t\t<div class=\"elementor-widget-container\">\n\t\t\t\t\t<h3 class=\"elementor-heading-title elementor-size-default\">Veranstaltungskalender<\/h3>\t\t\t\t<\/div>\n\t\t\t\t<\/div>\n\t\t<div class=\"elementor-element elementor-element-cf5c327 e-con-full e-flex e-con e-child\" data-id=\"cf5c327\" data-element_type=\"container\" data-e-type=\"container\">\n\t\t\t\t<div class=\"elementor-element elementor-element-d4cf82c elementor-widget elementor-widget-html\" data-id=\"d4cf82c\" data-element_type=\"widget\" data-e-type=\"widget\" data-widget_type=\"html.default\">\n\t\t\t\t<div class=\"elementor-widget-container\">\n\t\t\t\t\t<div class=\"eveenoWidget\" data-type=\"calendar\" data-user=\"34377\" data-style=\"grid\"><\/div>\n<script src=\"https:\/\/eveeno.com\/widgets\/embed.js\"><\/script>\t\t\t\t<\/div>\n\t\t\t\t<\/div>\n\t\t\t\t<\/div>\n\t\t\t\t<\/div>\n\t\t\t\t<\/div>\n\t\t\t\t<\/div>\n\t\t\t\t<div class=\"elementor-element elementor-element-afd267a elementor-hidden-desktop elementor-hidden-tablet elementor-hidden-mobile elementor-widget elementor-widget-html\" data-id=\"afd267a\" data-element_type=\"widget\" data-e-type=\"widget\" data-widget_type=\"html.default\">\n\t\t\t\t<div class=\"elementor-widget-container\">\n\t\t\t\t\t<div class=\"eveenoWidget\" data-type=\"calendar\" data-user=\"34377\" data-style=\"table\"><\/div>\n<script src=\"https:\/\/eveeno.com\/widgets\/embed.js\"><\/script>\t\t\t\t<\/div>\n\t\t\t\t<\/div>\n\t\t\t\t\t<\/div>\n\t\t\t\t<\/div>\n\t\t\t\t<\/div>\n\t\t","protected":false},"excerpt":{"rendered":"<p>Veranstaltungen im teZET \u2013 Wissen teilen, Netzwerke st\u00e4rken Das Technologiezentrum Schw\u00e4bisch Hall (teZET) bietet ein vielseitiges Programm aus Workshops, Vortr\u00e4gen und Seminaren, das sich an Einzelunternehmer, Gr\u00fcnder, KMU und gro\u00dfe Unternehmen richtet. Die Themen reichen von Wirtschaft und Innovation \u00fcber interkulturelle und soziale Aspekte bis hin zu unternehmerischer und pers\u00f6nlicher Weiterentwicklung. Unsere Veranstaltungen sind praxisnah [&hellip;]<\/p>\n","protected":false},"author":1,"featured_media":0,"parent":0,"menu_order":5,"comment_status":"closed","ping_status":"closed","template":"elementor_header_footer","meta":{"footnotes":""},"class_list":["post-31","page","type-page","status-publish","hentry"],"_links":{"self":[{"href":"https:\/\/tz-hall.de\/index.php\/wp-json\/wp\/v2\/pages\/31","targetHints":{"allow":["GET"]}}],"collection":[{"href":"https:\/\/tz-hall.de\/index.php\/wp-json\/wp\/v2\/pages"}],"about":[{"href":"https:\/\/tz-hall.de\/index.php\/wp-json\/wp\/v2\/types\/page"}],"author":[{"embeddable":true,"href":"https:\/\/tz-hall.de\/index.php\/wp-json\/wp\/v2\/users\/1"}],"replies":[{"embeddable":true,"href":"https:\/\/tz-hall.de\/index.php\/wp-json\/wp\/v2\/comments?post=31"}],"version-history":[{"count":49,"href":"https:\/\/tz-hall.de\/index.php\/wp-json\/wp\/v2\/pages\/31\/revisions"}],"predecessor-version":[{"id":6874,"href":"https:\/\/tz-hall.de\/index.php\/wp-json\/wp\/v2\/pages\/31\/revisions\/6874"}],"wp:attachment":[{"href":"https:\/\/tz-hall.de\/index.php\/wp-json\/wp\/v2\/media?parent=31"}],"curies":[{"name":"wp","href":"https:\/\/api.w.org\/{rel}","templated":true}]}}