{"id":2945,"date":"2021-09-07T12:57:18","date_gmt":"2021-09-07T10:57:18","guid":{"rendered":"http:\/\/tezet-hall.de\/?page_id=2945"},"modified":"2021-09-07T12:57:18","modified_gmt":"2021-09-07T10:57:18","slug":"impressum","status":"publish","type":"page","link":"https:\/\/tz-hall.de\/index.php\/startseite\/impressum\/","title":{"rendered":"Impressum"},"content":{"rendered":"\t\t<div data-elementor-type=\"wp-page\" data-elementor-id=\"2945\" class=\"elementor elementor-2945\" data-elementor-post-type=\"page\">\n\t\t\t\t\t\t<section class=\"elementor-section elementor-top-section elementor-element elementor-element-10ba6b86 elementor-section-boxed elementor-section-height-default elementor-section-height-default\" data-id=\"10ba6b86\" data-element_type=\"section\" data-e-type=\"section\">\n\t\t\t\t\t\t<div class=\"elementor-container elementor-column-gap-default\">\n\t\t\t\t\t<div class=\"elementor-column elementor-col-100 elementor-top-column elementor-element elementor-element-4b923e44\" data-id=\"4b923e44\" data-element_type=\"column\" data-e-type=\"column\">\n\t\t\t<div class=\"elementor-widget-wrap elementor-element-populated\">\n\t\t\t\t\t\t<div class=\"elementor-element elementor-element-92532e5 elementor-widget elementor-widget-heading\" data-id=\"92532e5\" data-element_type=\"widget\" data-e-type=\"widget\" data-widget_type=\"heading.default\">\n\t\t\t\t<div class=\"elementor-widget-container\">\n\t\t\t\t\t<h3 class=\"elementor-heading-title elementor-size-default\">G\u00fcltigkeitsbereich des Impressums<\/h3>\t\t\t\t<\/div>\n\t\t\t\t<\/div>\n\t\t\t\t<div class=\"elementor-element elementor-element-688e582 elementor-widget elementor-widget-text-editor\" data-id=\"688e582\" data-element_type=\"widget\" data-e-type=\"widget\" data-widget_type=\"text-editor.default\">\n\t\t\t\t<div class=\"elementor-widget-container\">\n\t\t\t\t\t\t\t\t\t<p>Dieses Impressum gilt f\u00fcr folgende von uns betriebenen Internetseiten und Social-Media-Profile:<\/p><p><strong>Webseite:<\/strong><br \/><a href=\"https:\/\/tz-hall.de\/\" target=\"_blank\" rel=\"noopener\">www.tz-hall.de<\/a><\/p><p><strong>Facebook:<\/strong><br \/><a href=\"https:\/\/www.facebook.com\/profile.php?id=100070961970913\" target=\"_blank\" rel=\"noopener\">www.facebook.com\/profile.php?id=100070961970913<\/a><\/p><p><strong>Instagram:<\/strong><br \/><a href=\"https:\/\/www.instagram.com\/technologiezentrum_sha\/\" target=\"_blank\" rel=\"noopener\">www.instagram.com\/technologiezentrum_sha<\/a><\/p><p><strong>Xing:<\/strong><br \/><a href=\"https:\/\/www.xing.com\/pages\/technologiezentrum-schwaebisch-hall-gmbh\" target=\"_blank\" rel=\"noopener\">www.xing.com\/pages\/technologiezentrum-schwaebisch-hall-gmbh<\/a><\/p>\t\t\t\t\t\t\t\t<\/div>\n\t\t\t\t<\/div>\n\t\t\t\t<div class=\"elementor-element elementor-element-d724140 elementor-widget elementor-widget-spacer\" data-id=\"d724140\" data-element_type=\"widget\" data-e-type=\"widget\" data-widget_type=\"spacer.default\">\n\t\t\t\t<div class=\"elementor-widget-container\">\n\t\t\t\t\t\t\t<div class=\"elementor-spacer\">\n\t\t\t<div class=\"elementor-spacer-inner\"><\/div>\n\t\t<\/div>\n\t\t\t\t\t\t<\/div>\n\t\t\t\t<\/div>\n\t\t\t\t<div class=\"elementor-element elementor-element-e6b7f19 elementor-widget elementor-widget-heading\" data-id=\"e6b7f19\" data-element_type=\"widget\" data-e-type=\"widget\" data-widget_type=\"heading.default\">\n\t\t\t\t<div class=\"elementor-widget-container\">\n\t\t\t\t\t<h3 class=\"elementor-heading-title elementor-size-default\">Verantwortlich<\/h3>\t\t\t\t<\/div>\n\t\t\t\t<\/div>\n\t\t\t\t<div class=\"elementor-element elementor-element-befdab7 elementor-widget elementor-widget-text-editor\" data-id=\"befdab7\" data-element_type=\"widget\" data-e-type=\"widget\" data-widget_type=\"text-editor.default\">\n\t\t\t\t<div class=\"elementor-widget-container\">\n\t\t\t\t\t\t\t\t\t<p><strong>Technologiezentrum Schw\u00e4bisch Hall GmbH<\/strong><br \/><strong>Haus der Wirtschaft<\/strong> <br \/>Stauffenbergstra\u00dfe 35 &#8211; 37\u2028<br \/>D-74523 Schw\u00e4bisch Hall<\/p><p><strong>Handelsregister:<\/strong><br \/>HRB 570762<\/p><p><strong>Registergericht:<\/strong><br \/>Amtsgericht Stuttgart<\/p><p><strong>Vertreten durch:<\/strong><br \/>Klaus Lindenmeyer, Katharina Vogel<\/p><p><strong>Kontakt:<br \/><\/strong>Telefon: 0791 5801-0<br \/>Telefax: 0791 5801-13\u2028<br \/>E-Mail: <a href=\"mailto:info@tz-hall.de\">info@tz-hall.de<\/a><\/p><p><strong>Umsatzsteuer-ID:<br \/><\/strong>Umsatzsteuer-Identifikationsnummer gem\u00e4\u00df \u00a7 27 a Umsatzsteuergesetz: \u2028DE146785529<\/p>\t\t\t\t\t\t\t\t<\/div>\n\t\t\t\t<\/div>\n\t\t\t\t<div class=\"elementor-element elementor-element-0dc2bd9 elementor-widget elementor-widget-spacer\" data-id=\"0dc2bd9\" data-element_type=\"widget\" data-e-type=\"widget\" data-widget_type=\"spacer.default\">\n\t\t\t\t<div class=\"elementor-widget-container\">\n\t\t\t\t\t\t\t<div class=\"elementor-spacer\">\n\t\t\t<div class=\"elementor-spacer-inner\"><\/div>\n\t\t<\/div>\n\t\t\t\t\t\t<\/div>\n\t\t\t\t<\/div>\n\t\t\t\t<div class=\"elementor-element elementor-element-d7731d0 elementor-widget elementor-widget-heading\" data-id=\"d7731d0\" data-element_type=\"widget\" data-e-type=\"widget\" data-widget_type=\"heading.default\">\n\t\t\t\t<div class=\"elementor-widget-container\">\n\t\t\t\t\t<h3 class=\"elementor-heading-title elementor-size-default\">Angaben zur Berufshaftpflichtversicherung<\/h3>\t\t\t\t<\/div>\n\t\t\t\t<\/div>\n\t\t\t\t<div class=\"elementor-element elementor-element-a3cb639 elementor-widget elementor-widget-text-editor\" data-id=\"a3cb639\" data-element_type=\"widget\" data-e-type=\"widget\" data-widget_type=\"text-editor.default\">\n\t\t\t\t<div class=\"elementor-widget-container\">\n\t\t\t\t\t\t\t\t\t<p><strong>Name und Sitz des Versicherers:<\/strong>\u2028<br \/><strong>WGV \u2013 W\u00fcrttembergische Gemeindeversicherung a.G.\u2028<\/strong><br \/>T\u00fcbinger Stra\u00dfe 55\u2028<br \/>D-70178 Stuttgart<\/p><p><strong>Geltungsraum der Versicherung:<\/strong><br \/>Deutschland<\/p>\t\t\t\t\t\t\t\t<\/div>\n\t\t\t\t<\/div>\n\t\t\t\t<div class=\"elementor-element elementor-element-3de5a58 elementor-widget elementor-widget-spacer\" data-id=\"3de5a58\" data-element_type=\"widget\" data-e-type=\"widget\" data-widget_type=\"spacer.default\">\n\t\t\t\t<div class=\"elementor-widget-container\">\n\t\t\t\t\t\t\t<div class=\"elementor-spacer\">\n\t\t\t<div class=\"elementor-spacer-inner\"><\/div>\n\t\t<\/div>\n\t\t\t\t\t\t<\/div>\n\t\t\t\t<\/div>\n\t\t\t\t<div class=\"elementor-element elementor-element-bdc6924 elementor-widget elementor-widget-heading\" data-id=\"bdc6924\" data-element_type=\"widget\" data-e-type=\"widget\" data-widget_type=\"heading.default\">\n\t\t\t\t<div class=\"elementor-widget-container\">\n\t\t\t\t\t<h3 class=\"elementor-heading-title elementor-size-default\">Verbraucherstreitbeilegung \/ Universalschlichtungsstelle<\/h3>\t\t\t\t<\/div>\n\t\t\t\t<\/div>\n\t\t\t\t<div class=\"elementor-element elementor-element-86b2d56 elementor-widget elementor-widget-text-editor\" data-id=\"86b2d56\" data-element_type=\"widget\" data-e-type=\"widget\" data-widget_type=\"text-editor.default\">\n\t\t\t\t<div class=\"elementor-widget-container\">\n\t\t\t\t\t\t\t\t\t<p>Wir sind nicht bereit oder verpflichtet, an Streitbeilegungsverfahren vor einer Verbraucherschlichtungsstelle teilzunehmen.<br \/><br \/><strong>Zust\u00e4ndige Aufsichtsbeh\u00f6rde f\u00fcr audiovisuelle Mediendienste:<br \/><\/strong>Landesanstalt f\u00fcr Kommunikation Baden-W\u00fcrttemberg (LFK)<br \/>Reinsburgstra\u00dfe 27<br \/>D-70178 Stuttgart<\/p><p><strong>Auslesen durch KI-Systeme:<br \/><\/strong>Wir untersagen die Nutzung oder das Herunterladen von Inhalten durch Dritte auf der Webseite und auf unseren\u00a0Social-Media-Profilen f\u00fcr die Entwicklung, das Training oder den Betrieb von k\u00fcnstlicher\u00a0Intelligenz oder anderen maschinellen Lernsystemen (&#8222;Text- und Data-Mining&#8220;), es sei denn, es liegt eine\u00a0ausdr\u00fcckliche schriftliche Genehmigung von uns vor. Ohne diese Genehmigung ist die Verwendung der\u00a0Inhalte der Website f\u00fcr Text- und Data-Mining verboten.<\/p><p>Rechtlich ist die Wirksamkeit noch nicht gekl\u00e4rt. Eine Aufnahme ist aber nicht vorgeschrieben, aber empfehlenswert. Man kann auch im Header der Webseite Code hinterlegen, der das Auslesen verhindert. Meldet Euch gerne wenn ihr dazu Fragen habt. Ich pers\u00f6nlich habe auf meiner Webseite noch keinen Code hinterlegt, aber den Passus schon aufgenommen.<\/p>\t\t\t\t\t\t\t\t<\/div>\n\t\t\t\t<\/div>\n\t\t\t\t\t<\/div>\n\t\t<\/div>\n\t\t\t\t\t<\/div>\n\t\t<\/section>\n\t\t\t\t<\/div>\n\t\t","protected":false},"excerpt":{"rendered":"<p>G\u00fcltigkeitsbereich des Impressums Dieses Impressum gilt f\u00fcr folgende von uns betriebenen Internetseiten und Social-Media-Profile: Webseite:www.tz-hall.de Facebook:www.facebook.com\/profile.php?id=100070961970913 Instagram:www.instagram.com\/technologiezentrum_sha Xing:www.xing.com\/pages\/technologiezentrum-schwaebisch-hall-gmbh Verantwortlich Technologiezentrum Schw\u00e4bisch Hall GmbHHaus der Wirtschaft Stauffenbergstra\u00dfe 35 &#8211; 37\u2028D-74523 Schw\u00e4bisch Hall Handelsregister:HRB 570762 Registergericht:Amtsgericht Stuttgart Vertreten durch:Klaus Lindenmeyer, Katharina Vogel Kontakt:Telefon: 0791 5801-0Telefax: 0791 5801-13\u2028E-Mail: info@tz-hall.de Umsatzsteuer-ID:Umsatzsteuer-Identifikationsnummer gem\u00e4\u00df \u00a7 27 a Umsatzsteuergesetz: \u2028DE146785529 Angaben zur [&hellip;]<\/p>\n","protected":false},"author":1,"featured_media":0,"parent":2099,"menu_order":5,"comment_status":"closed","ping_status":"closed","template":"","meta":{"footnotes":""},"class_list":["post-2945","page","type-page","status-publish","hentry"],"_links":{"self":[{"href":"https:\/\/tz-hall.de\/index.php\/wp-json\/wp\/v2\/pages\/2945","targetHints":{"allow":["GET"]}}],"collection":[{"href":"https:\/\/tz-hall.de\/index.php\/wp-json\/wp\/v2\/pages"}],"about":[{"href":"https:\/\/tz-hall.de\/index.php\/wp-json\/wp\/v2\/types\/page"}],"author":[{"embeddable":true,"href":"https:\/\/tz-hall.de\/index.php\/wp-json\/wp\/v2\/users\/1"}],"replies":[{"embeddable":true,"href":"https:\/\/tz-hall.de\/index.php\/wp-json\/wp\/v2\/comments?post=2945"}],"version-history":[{"count":0,"href":"https:\/\/tz-hall.de\/index.php\/wp-json\/wp\/v2\/pages\/2945\/revisions"}],"up":[{"embeddable":true,"href":"https:\/\/tz-hall.de\/index.php\/wp-json\/wp\/v2\/pages\/2099"}],"wp:attachment":[{"href":"https:\/\/tz-hall.de\/index.php\/wp-json\/wp\/v2\/media?parent=2945"}],"curies":[{"name":"wp","href":"https:\/\/api.w.org\/{rel}","templated":true}]}}

<div data-elementor-type="wp-page" data-elementor-id="2945" class="elementor elementor-2945" data-elementor-post-type="page">
						<section class="elementor-section elementor-top-section elementor-element elementor-element-10ba6b86 elementor-section-boxed elementor-section-height-default elementor-section-height-default" data-id="10ba6b86" data-element_type="section" data-e-type="section">
						<div class="elementor-container elementor-column-gap-default">
					<div class="elementor-column elementor-col-100 elementor-top-column elementor-element elementor-element-4b923e44" data-id="4b923e44" data-element_type="column" data-e-type="column">
			<div class="elementor-widget-wrap elementor-element-populated">
						<div class="elementor-element elementor-element-92532e5 elementor-widget elementor-widget-heading" data-id="92532e5" data-element_type="widget" data-e-type="widget" data-widget_type="heading.default">
				<div class="elementor-widget-container">
					<h3 class="elementor-heading-title elementor-size-default">Gültigkeitsbereich des Impressums</h3>				</div>
				</div>
				<div class="elementor-element elementor-element-688e582 elementor-widget elementor-widget-text-editor" data-id="688e582" data-element_type="widget" data-e-type="widget" data-widget_type="text-editor.default">
				<div class="elementor-widget-container">
									<p>Dieses Impressum gilt für folgende von uns betriebenen Internetseiten und Social-Media-Profile:</p><p><strong>Webseite:</strong><br /><a href="https://tz-hall.de/" target="_blank" rel="noopener">www.tz-hall.de</a></p><p><strong>Facebook:</strong><br /><a href="https://www.facebook.com/profile.php?id=100070961970913" target="_blank" rel="noopener">www.facebook.com/profile.php?id=100070961970913</a></p><p><strong>Instagram:</strong><br /><a href="https://www.instagram.com/technologiezentrum_sha/" target="_blank" rel="noopener">www.instagram.com/technologiezentrum_sha</a></p><p><strong>Xing:</strong><br /><a href="https://www.xing.com/pages/technologiezentrum-schwaebisch-hall-gmbh" target="_blank" rel="noopener">www.xing.com/pages/technologiezentrum-schwaebisch-hall-gmbh</a></p>								</div>
				</div>
				<div class="elementor-element elementor-element-d724140 elementor-widget elementor-widget-spacer" data-id="d724140" data-element_type="widget" data-e-type="widget" data-widget_type="spacer.default">
				<div class="elementor-widget-container">
							<div class="elementor-spacer">
			<div class="elementor-spacer-inner"></div>
		</div>
						</div>
				</div>
				<div class="elementor-element elementor-element-e6b7f19 elementor-widget elementor-widget-heading" data-id="e6b7f19" data-element_type="widget" data-e-type="widget" data-widget_type="heading.default">
				<div class="elementor-widget-container">
					<h3 class="elementor-heading-title elementor-size-default">Verantwortlich</h3>				</div>
				</div>
				<div class="elementor-element elementor-element-befdab7 elementor-widget elementor-widget-text-editor" data-id="befdab7" data-element_type="widget" data-e-type="widget" data-widget_type="text-editor.default">
				<div class="elementor-widget-container">
									<p><strong>Technologiezentrum Schwäbisch Hall GmbH</strong><br /><strong>Haus der Wirtschaft</strong> <br />Stauffenbergstraße 35 &#8211; 37 <br />D-74523 Schwäbisch Hall</p><p><strong>Handelsregister:</strong><br />HRB 570762</p><p><strong>Registergericht:</strong><br />Amtsgericht Stuttgart</p><p><strong>Vertreten durch:</strong><br />Klaus Lindenmeyer, Katharina Vogel</p><p><strong>Kontakt:<br /></strong>Telefon: 0791 5801-0<br />Telefax: 0791 5801-13 <br />E-Mail: <a href="mailto:info@tz-hall.de">info@tz-hall.de</a></p><p><strong>Umsatzsteuer-ID:<br /></strong>Umsatzsteuer-Identifikationsnummer gemäß § 27 a Umsatzsteuergesetz:  DE146785529</p>								</div>
				</div>
				<div class="elementor-element elementor-element-0dc2bd9 elementor-widget elementor-widget-spacer" data-id="0dc2bd9" data-element_type="widget" data-e-type="widget" data-widget_type="spacer.default">
				<div class="elementor-widget-container">
							<div class="elementor-spacer">
			<div class="elementor-spacer-inner"></div>
		</div>
						</div>
				</div>
				<div class="elementor-element elementor-element-d7731d0 elementor-widget elementor-widget-heading" data-id="d7731d0" data-element_type="widget" data-e-type="widget" data-widget_type="heading.default">
				<div class="elementor-widget-container">
					<h3 class="elementor-heading-title elementor-size-default">Angaben zur Berufshaftpflichtversicherung</h3>				</div>
				</div>
				<div class="elementor-element elementor-element-a3cb639 elementor-widget elementor-widget-text-editor" data-id="a3cb639" data-element_type="widget" data-e-type="widget" data-widget_type="text-editor.default">
				<div class="elementor-widget-container">
									<p><strong>Name und Sitz des Versicherers:</strong> <br /><strong>WGV – Württembergische Gemeindeversicherung a.G. </strong><br />Tübinger Straße 55 <br />D-70178 Stuttgart</p><p><strong>Geltungsraum der Versicherung:</strong><br />Deutschland</p>								</div>
				</div>
				<div class="elementor-element elementor-element-3de5a58 elementor-widget elementor-widget-spacer" data-id="3de5a58" data-element_type="widget" data-e-type="widget" data-widget_type="spacer.default">
				<div class="elementor-widget-container">
							<div class="elementor-spacer">
			<div class="elementor-spacer-inner"></div>
		</div>
						</div>
				</div>
				<div class="elementor-element elementor-element-bdc6924 elementor-widget elementor-widget-heading" data-id="bdc6924" data-element_type="widget" data-e-type="widget" data-widget_type="heading.default">
				<div class="elementor-widget-container">
					<h3 class="elementor-heading-title elementor-size-default">Verbraucherstreitbeilegung / Universalschlichtungsstelle</h3>				</div>
				</div>
				<div class="elementor-element elementor-element-86b2d56 elementor-widget elementor-widget-text-editor" data-id="86b2d56" data-element_type="widget" data-e-type="widget" data-widget_type="text-editor.default">
				<div class="elementor-widget-container">
									<p>Wir sind nicht bereit oder verpflichtet, an Streitbeilegungsverfahren vor einer Verbraucherschlichtungsstelle teilzunehmen.<br /><br /><strong>Zuständige Aufsichtsbehörde für audiovisuelle Mediendienste:<br /></strong>Landesanstalt für Kommunikation Baden-Württemberg (LFK)<br />Reinsburgstraße 27<br />D-70178 Stuttgart</p><p><strong>Auslesen durch KI-Systeme:<br /></strong>Wir untersagen die Nutzung oder das Herunterladen von Inhalten durch Dritte auf der Webseite und auf unseren Social-Media-Profilen für die Entwicklung, das Training oder den Betrieb von künstlicher Intelligenz oder anderen maschinellen Lernsystemen (&#8222;Text- und Data-Mining&#8220;), es sei denn, es liegt eine ausdrückliche schriftliche Genehmigung von uns vor. Ohne diese Genehmigung ist die Verwendung der Inhalte der Website für Text- und Data-Mining verboten.</p><p>Rechtlich ist die Wirksamkeit noch nicht geklärt. Eine Aufnahme ist aber nicht vorgeschrieben, aber empfehlenswert. Man kann auch im Header der Webseite Code hinterlegen, der das Auslesen verhindert. Meldet Euch gerne wenn ihr dazu Fragen habt. Ich persönlich habe auf meiner Webseite noch keinen Code hinterlegt, aber den Passus schon aufgenommen.</p>								</div>
				</div>
					</div>
		</div>
					</div>
		</section>
				</div>

<p>Gültigkeitsbereich des Impressums Dieses Impressum gilt für folgende von uns betriebenen Internetseiten und Social-Media-Profile: Webseite:www.tz-hall.de Facebook:www.facebook.com/profile.php?id=100070961970913 Instagram:www.instagram.com/technologiezentrum_sha Xing:www.xing.com/pages/technologiezentrum-schwaebisch-hall-gmbh Verantwortlich Technologiezentrum Schwäbisch Hall GmbHHaus der Wirtschaft Stauffenbergstraße 35 &#8211; 37 D-74523 Schwäbisch Hall Handelsregister:HRB 570762 Registergericht:Amtsgericht Stuttgart Vertreten durch:Klaus Lindenmeyer, Katharina Vogel Kontakt:Telefon: 0791 5801-0Telefax: 0791 5801-13 E-Mail: info@tz-hall.de Umsatzsteuer-ID:Umsatzsteuer-Identifikationsnummer gemäß § 27 a Umsatzsteuergesetz:  DE146785529 Angaben zur [&hellip;]</p>
