{"id":27,"date":"2025-02-07T11:46:48","date_gmt":"2025-02-07T10:46:48","guid":{"rendered":"https:\/\/tz-hall.de\/index.php\/gruendungsberatung\/"},"modified":"2025-03-31T14:12:40","modified_gmt":"2025-03-31T12:12:40","slug":"gruendungsberatung","status":"publish","type":"page","link":"https:\/\/tz-hall.de\/index.php\/gruendungsberatung\/","title":{"rendered":"Gr\u00fcndungsberatung"},"content":{"rendered":"\n<p><strong>I<\/strong><strong>hr erster Schritt zum Erfolg<\/strong><\/p>\n\n\n\n<p>Als Gr\u00fcnderIn ist es entscheidend, von Anfang an die richtigen Weichen zu stellen. Das&nbsp;<strong>Technologiezentrum Schw\u00e4bisch Hall (teZET)&nbsp;<\/strong>versteht sich als Ihre erste Anlaufstelle f\u00fcr&nbsp;<strong>Gr\u00fcndungsberatung<\/strong>&nbsp;und bietet Ihnen umfangreiche Unterst\u00fctzung auf dem Weg in die Selbstst\u00e4ndigkeit.<\/p>\n\n\n\n<p>Wir begleiten Sie bei allen wichtigen Schritten und bieten Ihnen sowohl fachliche Beratung als auch wertvolle Netzwerkkontakte.<\/p>\n\n\n\n<p>Unsere&nbsp;<strong>Gr\u00fcndungsberatung<\/strong>&nbsp;richtet sich an<\/p>\n\n\n\n<ul class=\"wp-block-list\">\n<li>Existenzgr\u00fcnderInnen,<\/li>\n\n\n\n<li>JungunternehmerInnen und<\/li>\n\n\n\n<li>UnternehmensnachfolgerInnen aus Schw\u00e4bisch Hall und Umgebung.<\/li>\n<\/ul>\n\n\n\n<p><br>Wir helfen Ihnen, Ihre Ideen in tragf\u00e4hige Gesch\u00e4ftsmodelle umzusetzen, unterst\u00fctzen Sie bei der Unternehmensplanung und stehen Ihnen mit Rat und Tat in allen Fragen rund um&nbsp;<\/p>\n\n\n\n<ul class=\"wp-block-list\">\n<li>Allgemeine Beratung zur Gr\u00fcndungsidee<\/li>\n\n\n\n<li>Businessplanerstellung<\/li>\n\n\n\n<li>Finanzplanerstellung<\/li>\n\n\n\n<li>Finanzierung<\/li>\n\n\n\n<li>F\u00f6rderung &nbsp;<\/li>\n\n\n\n<li>Markteintritt<\/li>\n\n\n\n<li>Und weiteren Themen zur Seite.<\/li>\n<\/ul>\n\n\n\n<p><br>Durch unsere engen Partnerschaften mit<\/p>\n\n\n\n<ul class=\"wp-block-list\">\n<li>der&nbsp;<strong><a href=\"https:\/\/www.ihk.de\/heilbronn-franken\/\" target=\"_blank\" rel=\"noreferrer noopener\">IHK Heilbronn-Franken<\/a>,<\/strong><\/li>\n\n\n\n<li>dem&nbsp;<strong><a href=\"https:\/\/steinbeis-exi.de\/\" target=\"_blank\" rel=\"noreferrer noopener\">Steinbeis-Beratungszentrum<\/a>&nbsp;und<\/strong><\/li>\n\n\n\n<li>dem&nbsp;<strong><a href=\"https:\/\/www.rkw-bw.de\/gruendung%20\" target=\"_blank\" rel=\"noreferrer noopener\">RKW Baden-W\u00fcrttemberg<\/a>&nbsp;und<\/strong><\/li>\n\n\n\n<li>weiteren Experten<\/li>\n<\/ul>\n\n\n\n<p><br>bieten wir Ihnen Zugang zu ma\u00dfgeschneiderten Beratungsangeboten.<\/p>\n\n\n\n<p>Dar\u00fcber hinaus vermitteln wir Ihnen Kontakte zu Finanzierungspartnern und F\u00f6rderprogrammen, die Ihre Gr\u00fcndung nachhaltig unterst\u00fctzen k\u00f6nnen.<\/p>\n\n\n\n<p>Unser Ziel ist es, Gr\u00fcnderInnen auf ihrem Weg zu begleiten und den Grundstein f\u00fcr eine erfolgreiche unternehmerische Zukunft zu legen.<\/p>\n\n\n\n<p>Vom ersten Schritt der Ideenfindung bis hin zur langfristigen Unternehmensentwicklung \u2013 im teZET stehen wir Ihnen mit Expertise und Erfahrung zur Seite.<\/p>\n\n\n\n<p>Unserer regelm\u00e4\u00dfigen Veranstaltungen und Termine finden Sie unter&nbsp;<a href=\"https:\/\/tz-hall.de\/index.php\/veranstaltungen\/\">Veranstaltungen<\/a>.<\/p>\n\n\n\n<p><strong>Nehmen Sie Kontakt mit uns auf<\/strong>&nbsp;\u2013 wir freuen uns, Sie auf Ihrem Gr\u00fcndungsweg zu unterst\u00fctzen!<\/p>\n\n\n\n<p>Zur Terminabsprache kontaktieren Sie bitte das<\/p>\n\n\n\n<p><br>Technologiezentrum Schw\u00e4bisch Hall<\/p>\n\n\n\n<p>Haus der Wirtschaft \/\/ Technologiezentrum<br>Stauffenbergstra\u00dfe 35 \/ 37<br>74523 Schw\u00e4bisch Hall<\/p>\n\n\n\n<p>Fon: 0791 5801-0<br>Fax: 0791 5801-13<br>Mail:&nbsp;<a href=\"mailto:info@tz-hall.de\">info@tz-hall.de<\/a><\/p>\n","protected":false},"excerpt":{"rendered":"<p>Ihr erster Schritt zum Erfolg Als Gr\u00fcnderIn ist es entscheidend, von Anfang an die richtigen Weichen zu stellen. Das&nbsp;Technologiezentrum Schw\u00e4bisch Hall (teZET)&nbsp;versteht sich als Ihre erste Anlaufstelle f\u00fcr&nbsp;Gr\u00fcndungsberatung&nbsp;und bietet Ihnen umfangreiche Unterst\u00fctzung auf dem Weg in die Selbstst\u00e4ndigkeit. Wir begleiten Sie bei allen wichtigen Schritten und bieten Ihnen sowohl fachliche Beratung als auch wertvolle Netzwerkkontakte. [&hellip;]<\/p>\n","protected":false},"author":1,"featured_media":0,"parent":0,"menu_order":6,"comment_status":"closed","ping_status":"closed","template":"","meta":{"footnotes":""},"class_list":["post-27","page","type-page","status-publish","hentry"],"_links":{"self":[{"href":"https:\/\/tz-hall.de\/index.php\/wp-json\/wp\/v2\/pages\/27","targetHints":{"allow":["GET"]}}],"collection":[{"href":"https:\/\/tz-hall.de\/index.php\/wp-json\/wp\/v2\/pages"}],"about":[{"href":"https:\/\/tz-hall.de\/index.php\/wp-json\/wp\/v2\/types\/page"}],"author":[{"embeddable":true,"href":"https:\/\/tz-hall.de\/index.php\/wp-json\/wp\/v2\/users\/1"}],"replies":[{"embeddable":true,"href":"https:\/\/tz-hall.de\/index.php\/wp-json\/wp\/v2\/comments?post=27"}],"version-history":[{"count":13,"href":"https:\/\/tz-hall.de\/index.php\/wp-json\/wp\/v2\/pages\/27\/revisions"}],"predecessor-version":[{"id":6808,"href":"https:\/\/tz-hall.de\/index.php\/wp-json\/wp\/v2\/pages\/27\/revisions\/6808"}],"wp:attachment":[{"href":"https:\/\/tz-hall.de\/index.php\/wp-json\/wp\/v2\/media?parent=27"}],"curies":[{"name":"wp","href":"https:\/\/api.w.org\/{rel}","templated":true}]}}